722, 2*f - 720 = -2*g. What is the tens digit of g?
5
Suppose 2*t - 2638 = -j, -5268 = -112*t + 108*t + 2*j. What is the hundreds digit of t?
3
What is the thousands digit of -43*(5 - 612) - -4?
6
Let u be (-23240)/24*3/(-1). Let a = u - 1451. What is the hundreds digit of a?
4
What is the thousands digit of 7407 - ((-3)/6 - 136/(-16))?
7
Let v = 45 - 393. Let k = -172 - 401. Let b = v - k. What is the units digit of b?
5
Let r = -17980 + 43494. What is the thousands digit of r?
5
Suppose -4*g = 5*o + 61, -4*o = -2*o - 5*g - 2. What is the units digit of o/2*(-40)/15?
2
Let u = 43 + -29. Let l(s) = -17*s + 17. Let t(f) = 50*f - 50. Let d(n) = 14*l(n) + 5*t(n). What is the hundreds digit of d(u)?
1
Suppose -245927 - 17604 = -31*p. What is the units digit of p?
1
Suppose -4*q = -4*l + 16, 14*q - 19*q + 20 = 5*l. Suppose 2*x = x - 3*m + 1487, x - 1487 = -l*m. What is the units digit of x?
7
Suppose 0 = -9*k + 4 + 23. Let l be 1*1/k - (-10)/6. Suppose 2*n + l*n = q + 248, 0 = -3*q + 12. What is the units digit of n?
3
Suppose -7*t = -15*t + 21696. Suppose 0 = 2*i - 6*i + t. Suppose -7*h - 111 = -i. What is the tens digit of h?
8
Suppose 694783 + 510119 = 151*m - 1151906. What is the thousands digit of m?
5
Let i be 3 - 51/15 - (-6)/(-10). Let v(b) = -166*b - 2. Let y be v(i). What is the hundreds digit of y + -1*(-1 + 1 - 0)?
1
Suppose -5*z + 3*f - 2387 = 2607, 4*z - f + 3998 = 0. Let p = -378 - z. What is the hundreds digit of p?
6
Let t be (3/1)/(3282/(-660) - -5). Suppose -20 = 4*y, -5*r = 5*y + t - 10. What is the tens digit of (-10)/r + 151/3 + -1?
5
Let u(v) = -3*v - 40. Let b be u(-15). Suppose -5*a - 5*f + 331 = -2*a, 0 = 4*a + b*f - 433. What is the tens digit of a?
0
Suppose -2*p + 2*r + 19693 = 3*p, 0 = -4*r + 4. What is the thousands digit of p?
3
Let a be (-46)/299 + 18579/13. Let i = -693 + a. What is the units digit of i?
6
Let f(y) = 12*y. Let m be f(18). Suppose -2*n - 2*q + m = 2*n, 0 = -3*n - 3*q + 159. Suppose -77 = -4*o + n. What is the units digit of o?
3
Suppose l - 2*j = j + 526, 0 = 3*l - 5*j - 1558. Let z = l - 362. Suppose 2*t - 2*n - 134 = 0, -2*t + z = -n + 4*n. What is the units digit of t?
0
Suppose -384*y = -347*y - 190920. What is the units digit of y?
0
Suppose -h = -t - 8378, 3*h + 2*t = 4*t + 25131. Suppose -23*v = 2*v - h. What is the units digit of v?
5
Let w(h) = 33*h - 10. Suppose -m - 5*m + 60 = 0. Let g be w(m). Suppose 4*a - 4*b - 264 = 0, 0*a = -5*a + 3*b + g. What is the tens digit of a?
6
Let g = -5122 - -18760. What is the units digit of g?
8
Let f = 336 + -332. Suppose 3*x + f*r - 483 - 486 = 0, 3*x + 2*r = 975. What is the hundreds digit of x?
3
Suppose t - 2*c = -0*c + 5, 0 = -3*t - 3*c + 42. Let k(d) = -14 - 16 + t*d + 9. What is the units digit of k(7)?
6
Suppose 0 = -5*p + 10, -2*z + 2*p = 9 + 3. Let s be (-51)/2*z*5/6. Let d = s + -64. What is the units digit of d?
1
Suppose -r + 3*b = -4691 - 9812, -2*r = 2*b - 28966. What is the thousands digit of r?
4
Let c(q) = 2*q**2 + 29*q + 38. Let g(u) = 6*u - 1. Let x be g(-3). Let i be c(x). Let f = i - 78. What is the hundreds digit of f?
1
Suppose 4*c + 144 - 4 = 0. Suppose -2*g - 2*n - 2*n = 0, -5*n + 2 = 3*g. What is the units digit of 8 - c - g/(-1)?
7
Suppose 7*u = -7 + 21. Let k be -1 - (u/1 - 1). What is the units digit of 0/k - (-5)/((-10)/(-62))?
1
Let v = -8683 - -13170. What is the tens digit of v?
8
Let q(u) = 18*u - 31 + 57*u**2 + 4 - 58*u**2. Let c be q(8). Suppose -c = -5*h + 32. What is the units digit of h?
7
Let w = -268 + -14. What is the units digit of (4 + 1 + w)*-2?
4
What is the hundreds digit of 38/437 - (-3 + (2 - 158696/46))?
4
Let i be -1*(-5 - -1 - (2 - 1)). Suppose -11*z + i*z = 0. Let y(s) = s + 116. What is the tens digit of y(z)?
1
Let i = -955 - -27126. What is the units digit of i?
1
Suppose -j = 2*j + 5*a + 10, -4*a = 4*j. Let n be (j - -9)/7*(-374)/(-4). Let m = -83 + n. What is the units digit of m?
4
Let n(i) = 35 + 2 - 19*i - 2*i + 9*i. What is the units digit of n(-17)?
1
What is the tens digit of -4 + -5 - (79 + -8095)?
0
Let n(y) = -35*y - 110. Suppose -6*i - 36 = 3*z, 5*z = i - 2 + 8. What is the tens digit of n(i)?
0
Let n(s) = -25*s**3 - 3*s**2 - 8*s + 7. Let j = 308 - 311. What is the tens digit of n(j)?
7
Let r(w) = 14*w + 27. Let s be r(-2). Let c(x) = -192*x + 14. What is the units digit of c(s)?
6
Suppose 0 = -203*g + 212*g - 24588. What is the thousands digit of g?
2
Let x = 232 + -96. Let g be ((-14)/5)/(-16*(-10)/400). Let d = x + g. What is the units digit of d?
9
Suppose 5264 = -11*p - 3*p. Let s = 1479 + p. What is the hundreds digit of s?
1
Let w = 879 + 2749. Suppose 0 = 12*q - w + 1516. What is the units digit of q?
6
Let m be 12*1/2*(-141 - 2). Let z = m - -1300. What is the units digit of z?
2
Suppose -4*m = -5*s + 36661, -10*s + 7345 = -9*s - 4*m. What is the hundreds digit of s?
3
Let y(a) = a**3 - 19*a**2 - 24*a + 61. What is the tens digit of y(26)?
6
Let o(k) = 122*k - 104. Let c be o(9). Suppose -340 = 2*r - c. What is the tens digit of r?
2
Let p = -552 + 5354. What is the hundreds digit of p?
8
Let l = -18 + 18. Suppose 2*j + l*m - 2*m = 0, -3*m + 9 = 0. Suppose -4*s + 3*y = -185, -j*s + 4*y - 170 = -6*s. What is the tens digit of s?
5
Let n = 108 + -103. Suppose 3*b + t - 2412 = 2*t, -4*b = -n*t - 3227. What is the units digit of b?
3
Let f be -1 - (0 + 3 - (-231 - -7)). Let t = f + 232. What is the units digit of t?
4
Let k(h) = -84*h - 430. What is the hundreds digit of k(-14)?
7
Let t = 478 + -384. Suppose -4*f + 259 = 5*o, -3*f + 135 = -f - 3*o. Let s = f + t. What is the units digit of s?
0
Suppose 29*t - 1197 - 146558 = 0. What is the tens digit of t?
9
Let o(r) = r**2 - 5*r + 29. Let c be o(7). Let h(s) = s**3 - 39*s**2 - 147*s + 23. What is the hundreds digit of h(c)?
0
Suppose 5*n - 9 = 4*x, 3 = -3*x - 2*n + 25. Let q be 2*(-2 + x)*1/(-2). What is the units digit of 1 + 2 + -2 + q - -86?
5
Suppose -3*z = 3, -48*z + 51*z = -2*k + 21619. What is the hundreds digit of k?
8
Let l(z) = 43*z - 34. Let x be l(1). Suppose 0 = -3*u - x*f + 12*f + 1863, 5*f - 1903 = -3*u. What is the tens digit of u?
2
Let q = 35603 - 20215. What is the units digit of q?
8
Suppose 44*o - 42*o + 10*w = 54174, -w = -o + 27117. What is the thousands digit of o?
7
Let h(w) = 401*w**2 + 85*w - 1453. What is the tens digit of h(13)?
2
Suppose 9791 + 21935 = u + 4*l, 2*l = -2*u + 63476. What is the units digit of u?
2
Suppose 59*r = 34*r + 27000. Suppose 90*f - 4*a + 1048 = 91*f, -4*a - r = -f. What is the hundreds digit of f?
0
Suppose a + 3*s = -7, -8*s - 1 = 4*a - 5*s. Suppose -4*c - 4*d = -60, -3*d = -c - a*d + 19. What is the units digit of c?
7
Let n(d) = 11 - 43 - 380*d**2 + 108*d + 389*d**2. What is the tens digit of n(-14)?
2
Suppose x = 3*z + 2013 + 42711, -8*x - 3*z = -357576. What is the ten thousands digit of x?
4
Suppose 131 = -4*l - 0*j + 5*j, -j + 67 = -2*l. Let q = 31 + l. What is the units digit of 190 + q - (7 + -9)?
9
Let y = 136 - 104. Let x = 410 - y. What is the hundreds digit of x?
3
Suppose 0 = 6*p - 5*p - 8. Suppose p*r - 51 = -27. What is the tens digit of (2 + (-8)/5)*285/r?
3
Let b(v) be the third derivative of 7*v**4/6 + 34*v**3/3 - 5*v**2 + 4. What is the units digit of b(3)?
2
Suppose -84*a + 661496 = 33*a - 1655104. What is the thousands digit of a?
9
Suppose 40*f - 43*f + 3843 = 0. Let c = f - 367. What is the units digit of c?
4
Let s(l) = -2*l**3 - 7*l**2 + 10*l + 36. Let m be s(-10). Let p = m + -841. What is the tens digit of p?
9
Suppose -2*q + 12*s = 11*s + 167, -2*q - 5*s = 161. Let h = 142 - 306. Let y = q - h. What is the tens digit of y?
8
Suppose 0 = -258*o + 284*o - 1392634 + 129866. What is the thousands digit of o?
8
Suppose -4*r + 2*n = -2430, 0 = 4*n + 3 + 9. Suppose 0 = g + 5*c - r, 41 = -5*g + 2*c + 3044. What is the tens digit of g?
0
Let d(w) = 2*w**2 - 17*w + 12. Let g be d(8). Suppose 4*m = 3*m - 4*b + 115, -g*m + 405 = 5*b. What is the tens digit of m?
9
Suppose 0 = 4*m + 2*u + 664, -507 = 6*m - 3*m - 3*u. Let v = m - -536. Let h = v - 126. What is the hundreds digit of h?
2
Let y be -11 - -35 - (-15)/(-3). Suppose 4*q - 391 = -y. What is the tens digit of q?
9
Suppose 7 + 5 = f - 3*s, 2*f = -2*s. Let w(p) = 160*p + 16. Let j(a) = -32*a - 3. Let